 10. Let c be o(3). Suppose -4*m + c + 107 = 0. What are the prime factors of m?
2
Suppose -y + 8605 = 2*m, 0 = m - 318*y + 313*y - 4297. List the prime factors of m.
2, 3, 239
Suppose -3*g + 40 = 2*p, g + 2*p - 3*p - 20 = 0. Suppose -8*b + 7*b = -g. Suppose -b*t + 30 = -14*t. List the prime factors of t.
3, 5
Let v = 161 - 117. Let g = v - 59. List the prime factors of (-177*(-4)/g)/((-2)/10).
2, 59
Let m(b) = b**3 - b**2 - 13*b - 27. Let q(g) = 2*g - 43. Let f be q(25). List the prime factors of m(f).
2, 11
Suppose 20 = 3*v - 5*u - 44, -82 = -4*v + 5*u. Let g = v + 2. Let b = g - -9. List the prime factors of b.
29
What are the prime factors of -5*(-2 + 25839/6)*400/(-1000)?
8609
Suppose 587 + 49603 = 21*r. What are the prime factors of r?
2, 5, 239
Let h(d) = 6333*d**2 + 34*d - 7. List the prime factors of h(2).
67, 379
What are the prime factors of (6/1)/((-210009)/7242 + 29)?
2, 17, 71
List the prime factors of (-3 + 2)/(9/(459396/(-14))).
2, 1823
Let j(d) = 2*d**3 + 20*d**2 - 73*d - 3. Let s be j(6). Suppose -5*k - 4*t + 932 = -788, -2*k + s = -3*t. What are the prime factors of k?
2, 3, 29
Let g(l) = 0*l + l**3 + 36*l**2 + 2*l - 38*l**2 + 1. Let a be g(2). Suppose -2*r = 2*t - 5*r - 204, 3*t = -a*r + 287. List the prime factors of t.
3, 11
Let n be 2/32*-4 + 10331/(-4). What are the prime factors of (3/(-9))/(1*1/n)?
3, 7, 41
Let f(m) = 7*m - 2. Let h be f(3). Let y(k) = h + 581*k + 10*k**2 - 294*k - 285*k. What are the prime factors of y(5)?
3, 31
Let x(y) = 83*y**2 + 488*y + 7. What are the prime factors of x(-12)?
17, 359
Let t(s) = 517*s + 445. List the prime factors of t(37).
2, 9787
Suppose 0 - 2 = -d. Suppose 3*a - 4*h = 16 + 23, a - d = 5*h. Let k(b) = -b**2 + 16*b + 42. What are the prime factors of k(a)?
5
Let b be 4 + (-10)/5 + 0. Suppose b*f + 4*m = 280, -f + 2*f - 4*m - 146 = 0. List the prime factors of f.
2, 71
Suppose -9*b + 2*b - 210 = 0. List the prime factors of 644 - (-6 - b/6*1).
3, 5, 43
Suppose -2*q + 1969 = 9*q. Suppose -q = -f + 138. What are the prime factors of f?
317
Suppose w - 3*b - 208 = 139, -w = 3*b - 347. Let v = -88 + w. What are the prime factors of v?
7, 37
Suppose 18*w + 3*l + 17133 = 21*w, -28603 = -5*w - l. What are the prime factors of w?
7, 19, 43
Let l(r) = -240*r - 50. Let u(h) = 48*h + 10. Let w(f) = -3*l(f) - 16*u(f). Let g be w(-7). Let d = g + -187. What are the prime factors of d?
139
Suppose -5*q + 47*k = 45*k - 37805, 5*q + 3*k - 37805 = 0. What are the prime factors of q?
7561
List the prime factors of -3*(63994/2)/((-108)/(-18) - 9).
7, 653
Let m(u) = 39006*u**2 + 218*u + 219. List the prime factors of m(-1).
19, 2053
Suppose 6*v = 9046 + 10154. Let p = v + -2002. List the prime factors of p.
2, 599
Let d(a) = 42*a. Let n be d(-3). Let m be (n/(-14))/(6/(-16)). List the prime factors of (6/5)/(m/(-2800)).
2, 5, 7
Let i = -554 - -1010. Suppose 6*c = -3*l + 3*c + i, -2*l + 2*c = -304. What are the prime factors of l?
2, 19
Suppose 0 = -110*c + 60030 + 873980. List the prime factors of c.
7, 1213
Let a(q) = -q**2 - 24*q + 114. Let u be a(-28). Suppose 3*d + 2*c - 2092 = 0, -3*d + 3*c + 2104 = u*c. What are the prime factors of d?
2, 5, 7
Suppose 72*c - 75*c - 4*m = -19347, 4*c = -4*m + 25800. What are the prime factors of c?
3, 239
Suppose -c - 47886 = -2*g, -258*g + 254*g - 4*c = -95808. What are the prime factors of g?
2, 3, 13, 307
Let d(b) = 27*b + 14*b - 18*b + 35*b. Let f be d(2). What are the prime factors of f + (-16)/12*3?
2, 7
Let z(s) be the third derivative of 77*s**5/120 + s**4/12 - 13*s**3/6 + 25*s**2. Let m(c) be the first derivative of z(c). List the prime factors of m(1).
79
Suppose -3*f = 4*m - 2*f - 8209, 3*f = 3. What are the prime factors of m?
2, 3, 19
Let a(v) be the second derivative of -v**5/20 + 5*v**4/6 + v**3/6 - 5*v**2/2 - 18*v. Let h be a(10). Let c(p) = 4*p + 9. List the prime factors of c(h).
29
Let k(x) = -x**2 - 18*x + 11. Suppose -3*t + 173 = 4*b + 2, -4*b = -12. Suppose t + 91 = -9*s. What are the prime factors of k(s)?
43
Suppose 0*q = q - 3*i - 98, -3*q + i + 302 = 0. Let x = 333 + q. List the prime factors of x.
2, 7, 31
Let v(r) = r + 16. Let h be v(-13). Suppose 11*o = h*o + 3504. What are the prime factors of o?
2, 3, 73
Let k(r) be the second derivative of 14*r - 9/2*r**2 + 3*r**3 + 1/12*r**4 + 0. List the prime factors of k(-22).
79
Let m = 21164 + -14112. List the prime factors of m.
2, 41, 43
Let s be 75/5*-14*3/(-6). Let c = s - 109. Let q(z) = z**3 + 5*z**2 + z - 4. What are the prime factors of q(c)?
2
Let x = -77973 - -166242. List the prime factors of x.
3, 29423
Let w = 561 + 7960. List the prime factors of w.
8521
Let y be 8/1 + (-13)/((-156)/(-72)). Suppose 29*l + y*l = 11904. What are the prime factors of l?
2, 3
Suppose -2*q = 5*r - 8849, 4*r + 24*q - 7069 = 19*q. List the prime factors of 8/20*(r - 16/(-4)).
2, 5, 71
Let g(c) = -c**2 + 13*c - 30. Let t be g(9). Suppose 4*v = -8, 0 = j + t*v - 3*v - 112. Let d = j + 16. What are the prime factors of d?
2, 67
Suppose 5*q + 12 - 37 = 0. Suppose 0 = q*g + 4*s - 3247, 0 = -2*g - 3*s + 1536 - 233. List the prime factors of g.
647
Suppose -4*w - y + 41466 = 4624, -5*y = -2*w + 18454. List the prime factors of w.
2, 7, 47
Let f = 94 - 91. Let x(j) = j**3 - 4*j**2. Let s be x(4). Suppose -f*p + 4*n + 218 = s, 4*p - 274 = 2*n - 0*n. List the prime factors of p.
2, 3, 11
Let y = -3390 + 16091. What are the prime factors of y?
13, 977
Let q(a) = 54*a + 92. Let y be 312/(-130)*10/(-3). List the prime factors of q(y).
2, 131
Suppose 0 = -3*x - 66 + 6. Let i = -8 - x. Suppose b + 2 = i. List the prime factors of b.
2, 5
Suppose -18*y + 19*y = 4*q + 51264, 0 = 5*y - 3*q - 256473. What are the prime factors of y?
2, 3, 5, 19
Suppose 69*y - 28*y - 93654 = 32*y. List the prime factors of y.
2, 11, 43
Suppose -7*r + 2*r = 4*l - 27, 5*l = 15. Suppose 2*z = -0*z - r*w + 437, -4*z = -2*w - 882. What are the prime factors of z?
2, 5, 11
Let n = -315 - -677. Suppose -682*z = -683*z + n. What are the prime factors of z?
2, 181
Let u = -858 - 157. Let b = -349 - u. List the prime factors of b.
2, 3, 37
Suppose 3*g - 140915 + 6108 = -4*a, -4*a - 224657 = -5*g. What are the prime factors of (-2)/((-7)/(g/14))?
7, 131
Let f = -36953 - -95533. What are the prime factors of f?
2, 5, 29, 101
Suppose -41*w + 75 = -46*w. Let q(p) be the first derivative of -p**3/3 - 15*p**2/2 + 12*p + 1. List the prime factors of q(w).
2, 3
Let r(i) = 0 + 2*i + 4 - 5 - 2. Let b be r(7). List the prime factors of b + 0 + 1/(-1).
2, 5
Suppose 65908 = 4*z + 2*b, -16*b + 20*b = -3*z + 49421. List the prime factors of z.
3, 1831
Suppose 3*i - 22*f = -27*f - 14, 0 = 3*f + 12. Suppose u - 14*n = -13*n + 1995, -3990 = -i*u + 4*n. List the prime factors of u.
3, 5, 7, 19
Let y(a) = 4*a + 90. Let x be y(-21). Suppose -x*b = 14*b - 12220. List the prime factors of b.
13, 47
Let i(q) = -3*q**2 + 3*q - 20. Let v be i(-5). List the prime factors of (-103820)/v + (-2)/(-11) - -2.
2, 11, 43
Let h = -246 - -250. Suppose 0*y - 2144 = -h*y. List the prime factors of y.
2, 67
Let z(c) = c**2 + c + 9. Let g be z(-5). Let p be 56/10 - (-4)/10. Suppose -659 = -p*a - g. List the prime factors of a.
3, 5, 7
Let x be -4*(2 - 1) + -121. Let l = x + 435. Suppose 5*z + l = 5*n, 5*n - 4*z - 173 - 141 = 0. List the prime factors of n.
2, 3, 11
Suppose -s = -2*u + 17029, -9*s + 12*s = 2*u - 17019. What are the prime factors of u?
3, 17, 167
Let r = 5510 - 2275. List the prime factors of r.
5, 647
Let h(p) = 2*p + 35. Let g = 211 - 203. What are the prime factors of h(g)?
3, 17
Let c(f) = -f**3 + 14*f**2 - 35*f + 26. Let u be c(11). Suppose -p - 3 = 0, -u*p + p + 986 = 5*s. What are the prime factors of s?
199
Suppose 8*k + 334 = -170. Let d = -54 - k. Suppose -3*n + d = -51. What are the prime factors of n?
2, 5
Suppose 2*u + 0*u + 10 = 0. Let x be -1 + 16 - (u/1 + 3). Suppose 18*y - 63 = x*y. What are the prime factors of y?
3, 7
Let v be ((-16)/20)/(6/(-255)). Suppose -36*f = -v*f - 162. What are the prime factors of f?
3
Let j(o) be the first derivative of -271*o**2/2 - 74*o - 127. What are the prime factors of j(-3)?
739
Suppose -48*b = -409607 - 29209. List the prime factors of b.
2, 7, 653
Let k = -204 - -200. List the prime factors of (-1*1184)/(-4) - 